
63
What is the highest common divisor of 52 and 52936?
52
What is the greatest common factor of 5149 and 813?
271
Calculate the highest common divisor of 84 and 15078.
42
What is the highest common divisor of 78 and 6?
6
Calculate the highest common factor of 8775 and 156.
39
What is the highest common factor of 628 and 1413?
157
Calculate the highest common divisor of 72 and 27.
9
What is the highest common factor of 4805 and 40?
5
Calculate the greatest common divisor of 324 and 24.
12
What is the highest common divisor of 1798 and 203?
29
Calculate the greatest common factor of 18 and 6.
6
Calculate the greatest common factor of 48 and 184.
8
Calculate the highest common divisor of 88 and 528.
88
Calculate the highest common factor of 85 and 272.
17
Calculate the highest common factor of 24 and 36.
12
What is the greatest common divisor of 4 and 46?
2
What is the greatest common divisor of 90 and 306?
18
What is the greatest common divisor of 44 and 110?
22
What is the highest common divisor of 714 and 1938?
102
What is the greatest common factor of 23 and 713?
23
Calculate the greatest common divisor of 138 and 598.
46
Calculate the highest common factor of 790 and 4.
2
What is the highest common divisor of 82 and 3239?
41
What is the greatest common factor of 125 and 2375?
125
What is the highest common divisor of 7055 and 20?
5
Calculate the greatest common divisor of 49 and 56.
7
Calculate the highest common factor of 928 and 256.
32
What is the highest common factor of 78 and 2119?
13
Calculate the highest common divisor of 166 and 1909.
83
Calculate the highest common factor of 6 and 129.
3
What is the greatest common factor of 40 and 120?
40
What is the greatest common factor of 1012 and 44?
44
Calculate the greatest common divisor of 720 and 64.
16
What is the greatest common divisor of 896 and 42?
14
What is the greatest common factor of 912 and 48?
48
What is the greatest common divisor of 7410 and 13?
13
What is the greatest common divisor of 5 and 190?
5
Calculate the highest common factor of 76 and 665.
19
Calculate the greatest common divisor of 20 and 7580.
20
Calculate the greatest common factor of 15 and 745.
5
What is the highest common divisor of 10 and 130?
10
What is the highest common factor of 30 and 2190?
30
Calculate the highest common factor of 51 and 578.
17
Calculate the highest common factor of 24 and 396.
12
Calculate the greatest common divisor of 82 and 2501.
41
Calculate the greatest common factor of 1159 and 38.
19
Calculate the highest common divisor of 9216 and 72.
72
What is the greatest common factor of 45 and 693?
9
What is the highest common factor of 3196 and 476?
68
Calculate the greatest common factor of 496 and 16.
16
What is the highest common divisor of 2839 and 17?
17
What is the greatest common factor of 760 and 1045?
95
What is the highest common divisor of 117 and 104?
13
Calculate the highest common factor of 221 and 26.
13
Calculate the highest common divisor of 9 and 639.
9
Calculate the highest common factor of 43 and 4859.
43
Calculate the greatest common factor of 77 and 1089.
11
What is the highest common factor of 891 and 165?
33
What is the highest common factor of 2303 and 188?
47
Calculate the highest common factor of 17 and 51.
17
Calculate the highest common divisor of 2635 and 272.
17
What is the greatest common factor of 102 and 42?
6
What is the highest common factor of 13 and 390?
13
Calculate the highest common divisor of 100 and 150.
50
Calculate the greatest common divisor of 119 and 136.
17
What is the highest common divisor of 441 and 1176?
147
Calculate the greatest common divisor of 515 and 16892.
103
Calculate the greatest common divisor of 68 and 8.
4
Calculate the greatest common factor of 546 and 84.
42
Calculate the greatest common factor of 3 and 55.
1
Calculate the highest common factor of 78 and 156.
78
What is the highest common factor of 215 and 8858?
43
What is the highest common divisor of 6 and 23?
1
Calculate the highest common divisor of 110 and 60.
10
What is the highest common factor of 16 and 1616?
16
What is the greatest common factor of 35 and 14?
7
Calculate the greatest common divisor of 4 and 356.
4
Calculate the highest common divisor of 9324 and 252.
252
Calculate the highest common factor of 494 and 38.
38
Calculate the highest common factor of 460 and 9545.
115
What is the greatest common divisor of 3 and 9?
3
What is the greatest common factor of 2088 and 156?
12
What is the greatest common divisor of 27 and 36?
9
Calculate the highest common divisor of 50704 and 16.
16
What is the highest common divisor of 6320 and 128?
16
Calculate the greatest common factor of 54 and 342.
18
What is the greatest common factor of 184 and 161?
23
Calculate the highest common factor of 216 and 1431.
27
What is the highest common factor of 1083 and 57?
57
Calculate the greatest common divisor of 36 and 2682.
18
What is the greatest common divisor of 378 and 36?
18
What is the highest common divisor of 3 and 2643?
3
What is the greatest common divisor of 12 and 32?
4
What is the highest common factor of 387 and 351?
9
What is the greatest common divisor of 520 and 1235?
65
What is the highest common factor of 1944 and 96?
24
Calculate the highest common divisor of 224 and 32.
32
Calculate the highest common factor of 14 and 1316.
14
What is the highest common divisor of 32 and 17824?
32
What is the greatest common divisor of 24 and 8?
8
What is the highest common divisor of 440 and 2970?
110
What is the greatest common factor of 63 and 63?
63
What is the greatest common divisor of 92 and 2?
2
Calculate the greatest common divisor of 754 and 26.
26
What is the greatest common factor of 44 and 154?
22
Calculate the highest common factor of 215 and 559.
43
What is the greatest common divisor of 442 and 136?
34
What is the highest common divisor of 279 and 744?
93
Calculate the greatest common factor of 36 and 1566.
18
What is the greatest common factor of 12 and 8?
4
Calculate the highest common factor of 60 and 84.
12
Calculate the greatest common divisor of 20 and 5.
5
Calculate the highest common factor of 27 and 459.
27
What is the highest common factor of 21 and 21?
21
Calculate the greatest common factor of 2816 and 22.
22
Calculate the greatest common divisor of 296 and 73852.
148
What is the highest common factor of 855 and 135?
45
Calculate the greatest common divisor of 9 and 45.
9
Calculate the highest common divisor of 195 and 351.
39
Calculate the greatest common factor of 1116 and 20.
4
What is the highest common divisor of 522 and 29?
29
What is the greatest common divisor of 2049 and 21?
3
Calculate the greatest common factor of 1379 and 21.
7
Calculate the greatest common factor of 1800 and 18.
18
What is the greatest common factor of 156 and 8?
4
Calculate the greatest common divisor of 341 and 93.
31
Calculate the highest common factor of 7325 and 75.
25
What is the highest common factor of 8262 and 170?
34
Calculate the highest common factor of 112 and 4634.
14
Calculate the greatest common factor of 36 and 18.
18
Calculate the greatest common divisor of 8060 and 780.
260
What is the highest common divisor of 616 and 112?
56
What is the greatest common factor of 80 and 450?
10
What is the highest common divisor of 18 and 2358?
18
What is the greatest common factor of 99 and 363?
33
What is the greatest common factor of 84 and 3423?
21
Calculate the highest common factor of 15249 and 1105.
221
Calculate the highest common divisor of 931 and 570.
19
Calculate the highest common factor of 1692 and 144.
36
What is the greatest common factor of 744 and 300?
12
Calculate the highest common divisor of 1016 and 24638.
254
Calculate the greatest common factor of 1805 and 380.
95
What is the highest common factor of 39 and 689?
13
Calculate the highest common divisor of 1173 and 102.
51
Calculate the highest common divisor of 9 and 87.
3
What is the greatest common factor of 5941 and 13?
13
What is the highest common factor of 2024 and 46?
46
What is the greatest common factor of 220 and 330?
110
What is the highest common divisor of 30 and 1230?
30
Calculate the greatest common factor of 67 and 9648.
67
What is the highest common factor of 28 an